{"id":1152,"date":"2020-12-10T13:04:47","date_gmt":"2020-12-10T12:04:47","guid":{"rendered":"http:\/\/www.dysaut.sk\/?page_id=1152"},"modified":"2021-03-24T15:10:24","modified_gmt":"2021-03-24T14:10:24","slug":"program-bilateralnej-integracie","status":"publish","type":"page","link":"http:\/\/www.dysaut.sk\/index.php\/sluzby\/program-bilateralnej-integracie\/","title":{"rendered":"Program bilater\u00e1lnej integr\u00e1cie (tzv. BI program)"},"content":{"rendered":"<p>[vc_row][vc_column width=&#8220;1\/2&#8243;][\/vc_column][vc_column width=&#8220;1\/2&#8243;][vc_empty_space hide_on_mobile=&#8220;&#8220;][vc_column_text]Program bilater\u00e1lnej integr\u00e1cie (tzv. BI program) je pohybov\u00fd program vych\u00e1dzaj\u00faci z v\u00fdvinov\u00fdch cvi\u010den\u00ed. Autorkou programu je Shiela Dobie, OBE. Program podporili Kristy Brown a dr. Andrew Dalziell, ktor\u00ed ho na\u010falej akt\u00edvne rozv\u00edjaj\u00fa a \u00faspe\u0161ne aplikuj\u00fa v mnoh\u00fdch krajin\u00e1ch sveta.<\/p>\n<p>Program BI vyu\u017e\u00edva s\u00fabor prirodzen\u00fdch pohybov \u010dloveka. Za\u010d\u00edna jednoduch\u00fdmi zostavami pohybov od \u00farovne, na ktorej sa die\u0165a alebo dospel\u00fd nach\u00e1dza. Zameriava sa na prep\u00e1janie kogn\u00edcie s\u00a0motorikou, ktor\u00e9 je nevyhnutn\u00e9 pre \u00faspe\u0161n\u00e9 vzdel\u00e1vanie alebo efektivitu v\u00a0pr\u00e1ci.<\/p>\n<p><em>Pre koho je program ur\u010den\u00fd:<\/em><\/p>\n<ul>\n<li>pre deti s oslabenou\u00a0sekven\u010dnou pam\u00e4\u0165ou (deti nie s\u00fa schopn\u00e9 zapam\u00e4ta\u0165 si nieko\u013eko za sebou id\u00facich in\u0161trukci\u00ed)<\/li>\n<li>pre deti so spomalen\u00fdm tempom alebo ve\u013ekou roztr\u017eitos\u0165ou<\/li>\n<li>pre deti s nedostato\u010dnou koncentr\u00e1ciou<\/li>\n<li>pre deti, ktor\u00e9 maj\u00fa probl\u00e9m nau\u010di\u0165 sa bicyklova\u0165, zaviaza\u0165 si \u0161n\u00farky ap.<\/li>\n<li>pre deti, ktor\u00e9 p\u00f4sobia nemotorne (akoby im to \u201epomal\u0161ie myslelo\u201c, pritom s\u00fa ve\u013emi inteligentn\u00e9 a bystr\u00e9)<\/li>\n<\/ul>\n<p>Aplik\u00e1ciou programu BI sa dosiahne zr\u00fdchlenie pracovn\u00e9ho tempa, schopnos\u0165 vykon\u00e1va\u0165 viacero \u010dinnost\u00ed naraz, zlep\u0161\u00ed sa pam\u00e4\u0165, rovnov\u00e1ha, motorika a\u00a0t\u00fdm aj \u0161kolsk\u00e9 zru\u010dnosti.[\/vc_column_text][\/vc_column][\/vc_row]<\/p>\n","protected":false},"excerpt":{"rendered":"<p>[vc_row][vc_column width=&#8220;1\/2&#8243;][\/vc_column][vc_column width=&#8220;1\/2&#8243;][vc_empty_space hide_on_mobile=&#8220;&#8220;][vc_column_text]Program bilater\u00e1lnej integr\u00e1cie (tzv. BI program) je pohybov\u00fd program vych\u00e1dzaj\u00faci z v\u00fdvinov\u00fdch cvi\u010den\u00ed. Autorkou programu je Shiela Dobie, OBE. Program podporili Kristy Brown a dr. Andrew Dalziell, ktor\u00ed ho na\u010falej akt\u00edvne rozv\u00edjaj\u00fa a \u00faspe\u0161ne aplikuj\u00fa v mnoh\u00fdch krajin\u00e1ch sveta. Program BI vyu\u017e\u00edva s\u00fabor prirodzen\u00fdch pohybov \u010dloveka. Za\u010d\u00edna jednoduch\u00fdmi zostavami pohybov od \u00farovne, na ktorej sa die\u0165a alebo dospel\u00fd nach\u00e1dza. Zameriava sa na prep\u00e1janie kogn\u00edcie s\u00a0motorikou, ktor\u00e9 je nevyhnutn\u00e9 pre \u00faspe\u0161n\u00e9 vzdel\u00e1vanie alebo efektivitu v\u00a0pr\u00e1ci. Pre koho je program ur\u010den\u00fd: pre&hellip;<\/p>\n","protected":false},"author":1,"featured_media":0,"parent":32,"menu_order":0,"comment_status":"closed","ping_status":"closed","template":"","meta":[],"_links":{"self":[{"href":"http:\/\/www.dysaut.sk\/index.php\/wp-json\/wp\/v2\/pages\/1152"}],"collection":[{"href":"http:\/\/www.dysaut.sk\/index.php\/wp-json\/wp\/v2\/pages"}],"about":[{"href":"http:\/\/www.dysaut.sk\/index.php\/wp-json\/wp\/v2\/types\/page"}],"author":[{"embeddable":true,"href":"http:\/\/www.dysaut.sk\/index.php\/wp-json\/wp\/v2\/users\/1"}],"replies":[{"embeddable":true,"href":"http:\/\/www.dysaut.sk\/index.php\/wp-json\/wp\/v2\/comments?post=1152"}],"version-history":[{"count":5,"href":"http:\/\/www.dysaut.sk\/index.php\/wp-json\/wp\/v2\/pages\/1152\/revisions"}],"predecessor-version":[{"id":1384,"href":"http:\/\/www.dysaut.sk\/index.php\/wp-json\/wp\/v2\/pages\/1152\/revisions\/1384"}],"up":[{"embeddable":true,"href":"http:\/\/www.dysaut.sk\/index.php\/wp-json\/wp\/v2\/pages\/32"}],"wp:attachment":[{"href":"http:\/\/www.dysaut.sk\/index.php\/wp-json\/wp\/v2\/media?parent=1152"}],"curies":[{"name":"wp","href":"https:\/\/api.w.org\/{rel}","templated":true}]}}