{"id":1193,"date":"2021-01-17T19:49:30","date_gmt":"2021-01-17T18:49:30","guid":{"rendered":"http:\/\/www.dysaut.sk\/?page_id=1193"},"modified":"2021-03-24T15:09:37","modified_gmt":"2021-03-24T14:09:37","slug":"kupoz","status":"publish","type":"page","link":"http:\/\/www.dysaut.sk\/index.php\/sluzby\/kupoz\/","title":{"rendered":"Kupoz"},"content":{"rendered":"<p>[vc_row][vc_column width=&#8220;1\/2&#8243;][\/vc_column][vc_column width=&#8220;1\/2&#8243;][vc_empty_space hide_on_mobile=&#8220;&#8220;][vc_column_text]Kupoz je program pre rozvoj pozornosti, zrakovej a\u00a0sluchovej percepcie, vytrvalosti<em>, <\/em>sebavedomia, odolnosti vo\u010di stresu a\u00a0\u010fal\u0161\u00edch vlastnost\u00ed psychiky, ktor\u00e9 sa uplat\u0148uj\u00fa pri pr\u00e1ci v\u00a0\u0161kole. Program je spracovan\u00fd formou hrav\u00fdch a\u00a0z\u00e1bavn\u00fdch cvi\u010den\u00ed.<\/p>\n<p>\u0164a\u017eisko programu je v\u00a0dom\u00e1cej pr\u00e1ci, kedy spolo\u010dne pracuje rodi\u010d s\u00a0die\u0165a\u0165om pod veden\u00edm odborn\u00edka. Pracuje sa pribli\u017ene 15 min\u00fat denne, jedenkr\u00e1t za 14 dn\u00ed prebieha konzult\u00e1cia v\u00a0poradni. D\u013a\u017eka programu je 15 t\u00fd\u017ed\u0148ov.<\/p>\n<p><em>Pre koho je Kupoz ur\u010den\u00fd:<\/em><\/p>\n<ul>\n<li>pre deti vo veku 8 a\u017e 12 rokov<\/li>\n<li>pre deti s\u00a0ADHD\/ADD<\/li>\n<li>pre deti s\u00a0poruchou autistick\u00e9ho spektra<\/li>\n<li>pre deti s\u00a0logopedick\u00fdmi probl\u00e9mami<\/li>\n<li>pre deti s\u00a0pomal\u0161\u00edm psychomotorick\u00fdm tempom<\/li>\n<\/ul>\n<p><em>V\u00fdsledky programu:<\/em><\/p>\n<ul>\n<li>zr\u00fdchlenie psychomotorick\u00e9ho tempa<\/li>\n<li>schopnos\u0165 pravidelnej pr\u00e1ce<\/li>\n<li>zlep\u0161eniu vz\u0165ahov a\u00a0komunik\u00e1cie medzi die\u0165a\u0165om a rodi\u010dmi<\/li>\n<li>zlep\u0161enie zrakovej a sluchovej percepcie<\/li>\n<li>zlep\u0161enie pojmov\u00e9ho myslenia a\u00a0organiza\u010dn\u00fdch schopnost\u00ed<\/li>\n<\/ul>\n<p>[\/vc_column_text][\/vc_column][\/vc_row]<\/p>\n","protected":false},"excerpt":{"rendered":"<p>[vc_row][vc_column width=&#8220;1\/2&#8243;][\/vc_column][vc_column width=&#8220;1\/2&#8243;][vc_empty_space hide_on_mobile=&#8220;&#8220;][vc_column_text]Kupoz je program pre rozvoj pozornosti, zrakovej a\u00a0sluchovej percepcie, vytrvalosti, sebavedomia, odolnosti vo\u010di stresu a\u00a0\u010fal\u0161\u00edch vlastnost\u00ed psychiky, ktor\u00e9 sa uplat\u0148uj\u00fa pri pr\u00e1ci v\u00a0\u0161kole. Program je spracovan\u00fd formou hrav\u00fdch a\u00a0z\u00e1bavn\u00fdch cvi\u010den\u00ed. \u0164a\u017eisko programu je v\u00a0dom\u00e1cej pr\u00e1ci, kedy spolo\u010dne pracuje rodi\u010d s\u00a0die\u0165a\u0165om pod veden\u00edm odborn\u00edka. Pracuje sa pribli\u017ene 15 min\u00fat denne, jedenkr\u00e1t za 14 dn\u00ed prebieha konzult\u00e1cia v\u00a0poradni. D\u013a\u017eka programu je 15 t\u00fd\u017ed\u0148ov. Pre koho je Kupoz ur\u010den\u00fd: pre deti vo veku 8 a\u017e 12 rokov pre deti s\u00a0ADHD\/ADD pre deti s\u00a0poruchou&hellip;<\/p>\n","protected":false},"author":1,"featured_media":0,"parent":32,"menu_order":0,"comment_status":"closed","ping_status":"closed","template":"","meta":[],"_links":{"self":[{"href":"http:\/\/www.dysaut.sk\/index.php\/wp-json\/wp\/v2\/pages\/1193"}],"collection":[{"href":"http:\/\/www.dysaut.sk\/index.php\/wp-json\/wp\/v2\/pages"}],"about":[{"href":"http:\/\/www.dysaut.sk\/index.php\/wp-json\/wp\/v2\/types\/page"}],"author":[{"embeddable":true,"href":"http:\/\/www.dysaut.sk\/index.php\/wp-json\/wp\/v2\/users\/1"}],"replies":[{"embeddable":true,"href":"http:\/\/www.dysaut.sk\/index.php\/wp-json\/wp\/v2\/comments?post=1193"}],"version-history":[{"count":4,"href":"http:\/\/www.dysaut.sk\/index.php\/wp-json\/wp\/v2\/pages\/1193\/revisions"}],"predecessor-version":[{"id":1383,"href":"http:\/\/www.dysaut.sk\/index.php\/wp-json\/wp\/v2\/pages\/1193\/revisions\/1383"}],"up":[{"embeddable":true,"href":"http:\/\/www.dysaut.sk\/index.php\/wp-json\/wp\/v2\/pages\/32"}],"wp:attachment":[{"href":"http:\/\/www.dysaut.sk\/index.php\/wp-json\/wp\/v2\/media?parent=1193"}],"curies":[{"name":"wp","href":"https:\/\/api.w.org\/{rel}","templated":true}]}}