{"id":1195,"date":"2021-01-17T19:50:48","date_gmt":"2021-01-17T18:50:48","guid":{"rendered":"http:\/\/www.dysaut.sk\/?page_id=1195"},"modified":"2021-03-24T15:08:39","modified_gmt":"2021-03-24T14:08:39","slug":"kuprev","status":"publish","type":"page","link":"http:\/\/www.dysaut.sk\/index.php\/sluzby\/kuprev\/","title":{"rendered":"Kuprev"},"content":{"rendered":"<p>[vc_row][vc_column width=&#8220;1\/2&#8243;][vc_empty_space hide_on_mobile=&#8220;&#8220;][vc_column_text]Kuprev je prim\u00e1rne prevent\u00edvny program pre deti vo veku od 4 do 8 rokov. Program je rozdelen\u00fd do 15 t\u00e9m, ktor\u00e9 s\u00fa spracovan\u00e9 hravou formou. \u0164a\u017eisko programu je v\u00a0dom\u00e1cej pr\u00e1ci rodi\u010da s\u00a0die\u0165a\u0165om pod veden\u00edm odborn\u00edka.<\/p>\n<p><em>Program rozv\u00edja nieko\u013eko oblast\u00ed:<\/em><\/p>\n<ul>\n<li>soci\u00e1lne a\u00a0praktick\u00e9 situ\u00e1cie<\/li>\n<li>orient\u00e1ciu<\/li>\n<li>vn\u00edmanie \u010dasu a\u00a0priestoru<\/li>\n<li>poznanie vlastn\u00e9ho tela a\u00a0jeho funkci\u00ed<\/li>\n<\/ul>\n<p><em>Pre ak\u00e9 deti je program ur\u010den\u00fd:<\/em><\/p>\n<ul>\n<li>pre deti, ktor\u00e9 maj\u00fa probl\u00e9my s\u00a0pozornos\u0165ou, s\u00fa\u00a0hyperakt\u00edvne<\/li>\n<li>pre deti s\u00a0poruchami re\u010di a\u00a0komunik\u00e1cie, s\u00a0dysf\u00e1ziou<\/li>\n<li>pre deti s\u00a0poruchou autistick\u00e9ho spektra<\/li>\n<li>pre deti, ktor\u00e9 maj\u00fa probl\u00e9my v\u00a0oblasti em\u00f3ci\u00ed a spr\u00e1vania<\/li>\n<li>pre deti s\u00a0deficitom kognit\u00edvnych schopnost\u00ed<\/li>\n<li>pre deti s\u00a0odli\u0161n\u00fdm materinsk\u00fdm jazykom<\/li>\n<li>pre intaktn\u00e9 deti (vr\u00e1tane nadan\u00fdch)<\/li>\n<\/ul>\n<p>[\/vc_column_text][\/vc_column][vc_column width=&#8220;1\/2&#8243;][\/vc_column][\/vc_row]<\/p>\n","protected":false},"excerpt":{"rendered":"<p>[vc_row][vc_column width=&#8220;1\/2&#8243;][vc_empty_space hide_on_mobile=&#8220;&#8220;][vc_column_text]Kuprev je prim\u00e1rne prevent\u00edvny program pre deti vo veku od 4 do 8 rokov. Program je rozdelen\u00fd do 15 t\u00e9m, ktor\u00e9 s\u00fa spracovan\u00e9 hravou formou. \u0164a\u017eisko programu je v\u00a0dom\u00e1cej pr\u00e1ci rodi\u010da s\u00a0die\u0165a\u0165om pod veden\u00edm odborn\u00edka. Program rozv\u00edja nieko\u013eko oblast\u00ed: soci\u00e1lne a\u00a0praktick\u00e9 situ\u00e1cie orient\u00e1ciu vn\u00edmanie \u010dasu a\u00a0priestoru poznanie vlastn\u00e9ho tela a\u00a0jeho funkci\u00ed Pre ak\u00e9 deti je program ur\u010den\u00fd: pre deti, ktor\u00e9 maj\u00fa probl\u00e9my s\u00a0pozornos\u0165ou, s\u00fa\u00a0hyperakt\u00edvne pre deti s\u00a0poruchami re\u010di a\u00a0komunik\u00e1cie, s\u00a0dysf\u00e1ziou pre deti s\u00a0poruchou autistick\u00e9ho spektra pre deti, ktor\u00e9 maj\u00fa probl\u00e9my v\u00a0oblasti&hellip;<\/p>\n","protected":false},"author":1,"featured_media":0,"parent":32,"menu_order":0,"comment_status":"closed","ping_status":"closed","template":"","meta":[],"_links":{"self":[{"href":"http:\/\/www.dysaut.sk\/index.php\/wp-json\/wp\/v2\/pages\/1195"}],"collection":[{"href":"http:\/\/www.dysaut.sk\/index.php\/wp-json\/wp\/v2\/pages"}],"about":[{"href":"http:\/\/www.dysaut.sk\/index.php\/wp-json\/wp\/v2\/types\/page"}],"author":[{"embeddable":true,"href":"http:\/\/www.dysaut.sk\/index.php\/wp-json\/wp\/v2\/users\/1"}],"replies":[{"embeddable":true,"href":"http:\/\/www.dysaut.sk\/index.php\/wp-json\/wp\/v2\/comments?post=1195"}],"version-history":[{"count":6,"href":"http:\/\/www.dysaut.sk\/index.php\/wp-json\/wp\/v2\/pages\/1195\/revisions"}],"predecessor-version":[{"id":1382,"href":"http:\/\/www.dysaut.sk\/index.php\/wp-json\/wp\/v2\/pages\/1195\/revisions\/1382"}],"up":[{"embeddable":true,"href":"http:\/\/www.dysaut.sk\/index.php\/wp-json\/wp\/v2\/pages\/32"}],"wp:attachment":[{"href":"http:\/\/www.dysaut.sk\/index.php\/wp-json\/wp\/v2\/media?parent=1195"}],"curies":[{"name":"wp","href":"https:\/\/api.w.org\/{rel}","templated":true}]}}