{"id":1203,"date":"2021-01-17T19:56:57","date_gmt":"2021-01-17T18:56:57","guid":{"rendered":"http:\/\/www.dysaut.sk\/?page_id=1203"},"modified":"2021-03-07T18:37:46","modified_gmt":"2021-03-07T17:37:46","slug":"intervencie-v-oblasti-matematiky","status":"publish","type":"page","link":"http:\/\/www.dysaut.sk\/index.php\/sluzby\/intervencie-v-oblasti-matematiky\/","title":{"rendered":"Intervencie v oblasti matematiky"},"content":{"rendered":"<p>[vc_row full_width=&#8220;stretch_row&#8220; full_height=&#8220;yes&#8220; columns_placement=&#8220;top&#8220; css=&#8220;.vc_custom_1614445313741{background-image: url(http:\/\/www.dysaut.sk\/wp-content\/uploads\/2021\/02\/intervencie-v-oblasti-matematiky-scaled.jpg?id=1299) !important;}&#8220;][vc_column width=&#8220;5\/6&#8243;][vc_empty_space]<div id=\"sc_title_745960129\"\n\t\tclass=\"sc_title color_style_default sc_title_default\"><h3 class=\"sc_item_title sc_title_title sc_align_left sc_item_title_style_default\">Intervencie v oblasti matematiky<\/h3><\/div><!-- \/.sc_title -->[vc_empty_space][vc_column_text]Schopnos\u0165 rozli\u0161ova\u0165 kateg\u00f3riu po\u010dtu, resp. dispoz\u00edcia uva\u017eova\u0165 tak\u00fdmto sp\u00f4sobom je \u010dloveku vroden\u00e1. Aj jednotlivci s\u00a0pomerne vysokou inteligenciou m\u00f4\u017eu ma\u0165 v\u00fdrazn\u00e9 probl\u00e9my v\u00a0matematike. Z\u00e1kladn\u00e9 princ\u00edpy matematickej logiky za\u010dn\u00fa deti ch\u00e1pa\u0165 pribli\u017ene v\u00a0\u0161iestich rokoch, aj ke\u010f s\u00fa ich \u00favahy \u010dasto chybn\u00e9.<\/p>\n<p>Matematick\u00e9 schopnosti m\u00f4\u017eeme ch\u00e1pa\u0165 ako \u0161pecifick\u00fa s\u00fa\u010das\u0165 teoretickej inteligencie. Osvojovanie matematick\u00fdch zru\u010dnost\u00ed je ovplyvnen\u00e9 \u00farov\u0148ou rozvoja pozn\u00e1vac\u00edch funkci\u00ed, ku ktor\u00fdm patr\u00ed:<\/p>\n<ul>\n<li>zrakov\u00e1 a\u00a0sluchov\u00e1 percepcia (vn\u00edmanie)<\/li>\n<li>pravo-\u013eav\u00e1 orient\u00e1cia<\/li>\n<li>priestorov\u00e1 orient\u00e1cia<\/li>\n<li>\u010dasov\u00e1 orient\u00e1cia<\/li>\n<li>vn\u00edmanie telesnej sch\u00e9my<\/li>\n<li>vn\u00edmanie rytmu a\u00a0jeho reprodukcia<\/li>\n<li>re\u010d<\/li>\n<li>kr\u00e1tkodob\u00e1, dlhodob\u00e1 a sekven\u010dn\u00e1 pam\u00e4\u0165<\/li>\n<li>pozornos\u0165<\/li>\n<li>jemn\u00e1 a\u00a0hrub\u00e1 motorika<\/li>\n<\/ul>\n<p>&nbsp;<\/p>\n<p>Porucha matematick\u00fdch schopnost\u00ed (dyskalk\u00falia) je \u0161pecifick\u00e1 v\u00fdvinov\u00e1 porucha u\u010denia. Ne\u00faspech v\u00a0matematike m\u00f4\u017ee ma\u0165 aj in\u00e9 pr\u00ed\u010diny, napr. \u0161kolsk\u00e1 nezrelos\u0165, nedostato\u010dn\u00e1 stimul\u00e1cia zo strany prostredia (rodiny, \u0161koly), nevhodn\u00fd sp\u00f4sob v\u00fdu\u010dby alebo soci\u00e1lna depriv\u00e1cia jedinca.<\/p>\n<p>V\u00a0centre DYSAUT sa zameriavame na kvalitn\u00fa diagnostiku matematick\u00fdch schopnost\u00ed a\u00a0v\u0161etk\u00fdch faktorov ovplyv\u0148uj\u00facich \u00faspe\u0161nos\u0165 die\u0165a\u0165a. N\u00e1sledne s\u00a0die\u0165a\u0165om cielene pracujeme na z\u00e1klade jeho potrieb, napr. rozv\u00edjame priestorov\u00fa orient\u00e1ciu, pam\u00e4\u0165, pozornos\u0165 at\u010f.<\/p>\n<p>Pre celkov\u00fa \u00faspe\u0161nos\u0165 die\u0165a\u0165a v\u00a0\u0161kole je ve\u013emi d\u00f4le\u017eit\u00e9 rozv\u00edjanie v\u0161etk\u00fdch \u010diastkov\u00fdch funkci\u00ed, ako je napr. pam\u00e4\u0165, priestorov\u00e1 orient\u00e1cia, zrakov\u00e1 a\u00a0sluchov\u00e1 percepcia at\u010f. Rozv\u00edjaniu uveden\u00fdch funkci\u00ed sa cielene venujeme v r\u00e1mci\u00a0<a href=\"http:\/\/www.dysaut.sk\/index.php\/sluzby\/komplexna-predskolska-priprava\/\">komplexnej pred\u0161kolskej pr\u00edpravy<\/a>.[\/vc_column_text][\/vc_column][vc_column width=&#8220;1\/3&#8243;][\/vc_column][\/vc_row]<\/p>\n","protected":false},"excerpt":{"rendered":"<p>[vc_row full_width=&#8220;stretch_row&#8220; full_height=&#8220;yes&#8220; columns_placement=&#8220;top&#8220; css=&#8220;.vc_custom_1614445313741{background-image: url(http:\/\/www.dysaut.sk\/wp-content\/uploads\/2021\/02\/intervencie-v-oblasti-matematiky-scaled.jpg?id=1299) !important;}&#8220;][vc_column width=&#8220;5\/6&#8243;][vc_empty_space][vc_empty_space][vc_column_text]Schopnos\u0165 rozli\u0161ova\u0165 kateg\u00f3riu po\u010dtu, resp. dispoz\u00edcia uva\u017eova\u0165 tak\u00fdmto sp\u00f4sobom je \u010dloveku vroden\u00e1. Aj jednotlivci s\u00a0pomerne vysokou inteligenciou m\u00f4\u017eu ma\u0165 v\u00fdrazn\u00e9 probl\u00e9my v\u00a0matematike. Z\u00e1kladn\u00e9 princ\u00edpy matematickej logiky za\u010dn\u00fa deti ch\u00e1pa\u0165 pribli\u017ene v\u00a0\u0161iestich rokoch, aj ke\u010f s\u00fa ich \u00favahy \u010dasto chybn\u00e9. Matematick\u00e9 schopnosti m\u00f4\u017eeme ch\u00e1pa\u0165 ako \u0161pecifick\u00fa s\u00fa\u010das\u0165 teoretickej inteligencie. Osvojovanie matematick\u00fdch zru\u010dnost\u00ed je ovplyvnen\u00e9 \u00farov\u0148ou rozvoja pozn\u00e1vac\u00edch funkci\u00ed, ku ktor\u00fdm patr\u00ed: zrakov\u00e1 a\u00a0sluchov\u00e1 percepcia (vn\u00edmanie) pravo-\u013eav\u00e1 orient\u00e1cia priestorov\u00e1 orient\u00e1cia \u010dasov\u00e1 orient\u00e1cia vn\u00edmanie telesnej sch\u00e9my vn\u00edmanie rytmu a\u00a0jeho&hellip;<\/p>\n","protected":false},"author":1,"featured_media":0,"parent":32,"menu_order":0,"comment_status":"closed","ping_status":"closed","template":"","meta":[],"_links":{"self":[{"href":"http:\/\/www.dysaut.sk\/index.php\/wp-json\/wp\/v2\/pages\/1203"}],"collection":[{"href":"http:\/\/www.dysaut.sk\/index.php\/wp-json\/wp\/v2\/pages"}],"about":[{"href":"http:\/\/www.dysaut.sk\/index.php\/wp-json\/wp\/v2\/types\/page"}],"author":[{"embeddable":true,"href":"http:\/\/www.dysaut.sk\/index.php\/wp-json\/wp\/v2\/users\/1"}],"replies":[{"embeddable":true,"href":"http:\/\/www.dysaut.sk\/index.php\/wp-json\/wp\/v2\/comments?post=1203"}],"version-history":[{"count":5,"href":"http:\/\/www.dysaut.sk\/index.php\/wp-json\/wp\/v2\/pages\/1203\/revisions"}],"predecessor-version":[{"id":1304,"href":"http:\/\/www.dysaut.sk\/index.php\/wp-json\/wp\/v2\/pages\/1203\/revisions\/1304"}],"up":[{"embeddable":true,"href":"http:\/\/www.dysaut.sk\/index.php\/wp-json\/wp\/v2\/pages\/32"}],"wp:attachment":[{"href":"http:\/\/www.dysaut.sk\/index.php\/wp-json\/wp\/v2\/media?parent=1203"}],"curies":[{"name":"wp","href":"https:\/\/api.w.org\/{rel}","templated":true}]}}